What are the prime factors of h?
2, 3, 5
Let z = 9 - 3. Let g = z - 5. Suppose 0 = c + 2*f - g - 12, 3*c = -4*f + 31. List the prime factors of c.
5
Suppose -r + 4*r - 27 = 0. List the prime factors of r.
3
List the prime factors of 2 - 20*(4 + (-92)/8).
2, 19
Let y(l) = l**2 - 2*l + 2. Let z be y(3). Suppose -2*k + 3 = -z. Suppose -k*p + 50 = p. List the prime factors of p.
2, 5
Let p be -6 - 3*(-4 + 3). What are the prime factors of (-18)/(p/(-6) - 1)?
2, 3
Let b(y) = 5*y**2 - 1 - y + 3*y**2 + 1. Let k be b(-2). Suppose -k = x - 5*x + 3*u, 4*u - 8 = 0. List the prime factors of x.
2, 5
Let z(v) = v**3 - 3*v**3 - v**3 - 3*v**2 + 2*v**3 - v + 2. List the prime factors of z(-3).
5
Suppose -16*z + 98 = -14*z. List the prime factors of z.
7
Let p(z) = -9*z - 6. Suppose l - 6*l = 20. Let i be p(l). Let h = -18 + i. List the prime factors of h.
2, 3
Let b(t) = -t**3 - 11*t**2 + 1. Let h be b(-11). Suppose -y - h + 11 = 0. Suppose 0 = 4*a - 2*a - y. List the prime factors of a.
5
Let b be (-1)/((12/(-284))/3). Let h = -48 + b. List the prime factors of h.
23
Let h(l) = -l**3 - 5*l**2 - l + 1. Let z be h(-5). Suppose -w = -z - 4. What are the prime factors of w?
2, 5
Let o(t) = -35*t**3 - t**2 - 2*t - 1. Let z be o(-1). Let d = z - 14. What are the prime factors of d?
3, 7
Suppose 0 = -5*f - 3*g + 552, -3*g = -7*f + 2*f + 558. List the prime factors of f.
3, 37
Let w(l) = -10*l - 3. Let t(u) = -10*u - 4. Let f be 2 + 3 + -2 + 1. Let a(g) = f*t(g) - 5*w(g). What are the prime factors of a(1)?
3
Let a = -94 - -133. Let x = 32 + -10. Let b = a - x. List the prime factors of b.
17
Suppose 0 = 5*s - 11 + 36, 5*s - 125 = 5*g. Let f = 72 + g. Suppose -5*d = -2*d - f. What are the prime factors of d?
2, 7
Suppose 3*w + 2 = 5, 4*g = 2*w - 10. Suppose -5*s - i = 22, 5*i + 1 = 16. Let k = g - s. What are the prime factors of k?
3
Let w(i) = i + 1. Let m be w(1). List the prime factors of ((-11)/m)/((-5)/20).
2, 11
Suppose 4*f - 12 = 0, -5*g = -8*f + 5*f - 6. What are the prime factors of ((-21)/6 + g)*-22?
11
Suppose -27 = y + 4*c, 2*y - 5*c - 46 = 5*y. Let z(t) = -4*t + 17. Let o(w) = -13*w + 52. Let b(g) = y*z(g) + 2*o(g). List the prime factors of b(11).
7
Let u be -9*(12/(-9))/2. List the prime factors of (-150)/(-9) - 4/u.
2
Let c(l) = -l**3 + 9*l**2 - 9*l + 11. What are the prime factors of c(8)?
3
List the prime factors of -42*(2 - -1 - 4).
2, 3, 7
Let x = -19 - -51. What are the prime factors of x?
2
Let a = 53 + -3. List the prime factors of a.
2, 5
List the prime factors of 4/(-8) + 1 + 477/2.
239
Let g(q) = q**2 - 2 - 1 + 0*q**2 + 12*q - 4. Let u be g(-10). Let x = -16 - u. What are the prime factors of x?
11
Let q(c) = -c - 5. Let k be q(8). Let y = k + 23. List the prime factors of y.
2, 5
Suppose g = -5*f - 18, -5*g - 5*f = -f + 6. Let w be -4*((-13)/g - 0). Let k = w - 13. What are the prime factors of k?
13
Let v be (-192)/(-18) - (-4)/(-6). Let z = 5 + v. List the prime factors of z.
3, 5
Suppose 572 = 6*j - 2*j + 3*g, 0 = -5*j + 4*g + 746. List the prime factors of j.
2, 73
Suppose -3*h + 1396 = 5*z, -3*h - 683 + 112 = -2*z. What are the prime factors of z?
281
Suppose -z + 6*z - 50 = 0. Suppose -x - z = -3*x. Suppose q + 20 = x*q. List the prime factors of q.
5
Suppose 2*a - 46 = -8*h + 4*h, -4*a = 12. Let n = 19 - h. Suppose 2*w = n*w - 24. What are the prime factors of w?
2, 3
Suppose 8*a = 7*a + 64. Suppose a = 4*n - 136. List the prime factors of n.
2, 5
Suppose -32 = -a + 5*q - 7, 3*a - 56 = -4*q. Suppose a - 5 = 3*b. List the prime factors of b.
5
List the prime factors of ((-2)/(-3))/((-2)/(-27)).
3
Suppose 0 = y + 4*m + 9, 3*m = 5*y - m - 3. Let w(d) = -3*d**2 - 2*d - 1. Let l be w(y). Let i(k) = 4*k**2 + 3*k. List the prime factors of i(l).
2, 5
Suppose -p - 2 = 2*s, 0*s - 2*p = -4*s + 12. Let y = 6 - s. Suppose y*z - 6 = -3*h + 32, -4*h + 43 = -z. What are the prime factors of h?
11
What are the prime factors of (5 - 6)*((1 - -1) + -19)?
17
What are the prime factors of 95/1 - (8 + -4)?
7, 13
Let l be 220/(-50)*(-1 - 24). Let k = l + -57. What are the prime factors of k?
53
Suppose -2*d + 5*g = -0*g - 280, 616 = 4*d + 4*g. List the prime factors of d.
2, 3, 5
Let y = -2 + 6. Suppose -42 = -y*m - 5*j + 43, -4*j = 2*m - 38. List the prime factors of m.
5
Let j = 0 - -39. List the prime factors of j.
3, 13
Let u(t) be the first derivative of t**3/3 + 5*t**2/2 - 8*t - 2. What are the prime factors of u(-8)?
2
Let f(x) = 10*x - 20. Let p(a) = 3*a - 7. Let v(t) = 2*f(t) - 7*p(t). Let w be v(7). Suppose w*g + g - 21 = 0. List the prime factors of g.
7
Let p = 119 + -5. What are the prime factors of p?
2, 3, 19
Let z(c) = 5*c**2 + 14*c + 5. Let v(a) = a**2 + a + 1. Let b be ((-6)/4)/(6/(-16)). Let o(n) = b*v(n) - z(n). List the prime factors of o(-9).
2
Suppose -6*a = -5*a + 4. Let z be 6/a*2/(-3). Suppose 15 = 3*h - s, h + z = -2*s + 13. What are the prime factors of h?
2, 3
Let m(x) = x**2 + 15*x. Let f be m(-9). Let w be 10/(-15)*f/4. Suppose 0 = 5*j - 2*j - w. List the prime factors of j.
3
Suppose 0*c = -5*c - 50. Let u = c + 14. List the prime factors of u.
2
Suppose w + 3*w - 180 = 0. Suppose 5*t + 24 = 2*g + 3*t, 5*g - 2*t - w = 0. What are the prime factors of g?
7
What are the prime factors of 7 + 5/((-5)/2)?
5
Suppose -2*a = -x - 1, 3*a - x = -4*x + 24. Suppose 0 = o - a*h, 5*h + 2 + 58 = -5*o. Let w = 12 + o. List the prime factors of w.
3
Let p be -3*8/(-6)*6. Let t(j) = -j**3 - 4*j**2 + 8*j + 6. Let o be t(-6). Suppose -5*q + 4*y + o = 0, 6*y = 4*q + y - p. What are the prime factors of q?
2, 3
Suppose -4*j + 105 = -j. What are the prime factors of j?
5, 7
Let c = -2 - -4. Suppose 4*l - 18 = c*l. What are the prime factors of ((-3)/l)/((-1)/15)?
5
Suppose -12*p - 30 = -13*p. List the prime factors of p.
2, 3, 5
Let x(q) = -16*q - 12. List the prime factors of x(-6).
2, 3, 7
Let f = 48 + -80. Let h = -18 - f. What are the prime factors of h?
2, 7
Let i = 308 - 73. What are the prime factors of i?
5, 47
Let d be 9*(1 - (-100)/12). Let q = d - 48. What are the prime factors of q?
2, 3
Suppose 2*u + 4 + 2 = 0. Let i = 5 + u. What are the prime factors of i?
2
Suppose 15 = 4*z + z, 135 = 2*c - z. List the prime factors of c.
3, 23
Let q = -41 - -99. List the prime factors of q.
2, 29
Let g(p) = -43*p + 1. Let a be g(-1). Suppose -a = -3*t - 5. List the prime factors of t.
13
Suppose -2*g + 0*g + 267 = -5*v, g - 106 = -3*v. What are the prime factors of g?
11
Suppose -g = 1 - 4, 0 = 2*y + g - 1. List the prime factors of 11 - (-12)/(-4) - y.
3
Suppose 0 = -f + 4*a - 13, -f + 4*a - 15 = 2*f. Let p(g) = 9*g**2 + 1. What are the prime factors of p(f)?
2, 5
Let w(g) = -g**2 - g + 16. What are the prime factors of w(0)?
2
Let a(g) = -g**3 + 2*g**2 - 3*g + 2. Let d be a(2). List the prime factors of d + (-6 - -3)*-15.
41
Let m(g) be the first derivative of -g**2/2 + 13*g + 3. What are the prime factors of m(-6)?
19
Let l = 24 + -14. List the prime factors of l/(-15) + 23/3.
7
Let o be 4 - 1 - (-1 - -1). Let i be (-10)/o*(-9)/6. Let q = 3 + i. What are the prime factors of q?
2
Let u(k) = -k**2 + 5*k - 3. Let j be u(2). Suppose 72 = v + j*v. What are the prime factors of v?
2, 3
Let i = 217 - 143. What are the prime factors of i?
2, 37
Suppose -176 = -3*o - 5*k, -2*o - 2*k + 182 = o. Suppose 2*x - 66 = -h - 2*h, -2*x = h - o. What are the prime factors of x?
2, 3, 5
Suppose -5*k + 310 = -880. What are the prime factors of k?
2, 7, 17
Suppose 14 = 4*o + 2. Let w(s) = s**3 + 2*s**2 + s - 2. Let n(k) = k**3 + 3*k**2 + k - 2. Let h(b) = -4*n(b) + 5*w(b). What are the prime factors of h(o)?
2, 5
Let h(a) = a**2 + a - 1. Let k(r) = -5*r**2 - 4*r + 1. Let q(g) = -6*h(g) - k(g). Let o be q(-4). List the prime factors of -1*(o + 2) + 2.
3
Let q(i) = 11*i**3 + i. Let y be q(2). Let x = y + -64. What are the prime factors of x?
2, 13
Let g(x) = -x**3 + 9*x**2 + 10*x - 6. Let t be g(10). Let b(k) = -k + 4. What are the prime factors of b(t)?
2, 5
Let u be ((-2)/6)/((-3)/(-18)). Let f be 3/(-3) + (5 - u). Let m = f - -1. List the prime factors of m.
7
Suppose 5*f - 9 = 2*f. Suppose 48 = 2*s - 72. Suppose -f*n + s = n. List the prime factors of n.
3, 5
Let s(o) = 3*o**2 - o + 2. Let i be s(2). Let z be i/10*10/4. What are the prime factors of 17 - 